hen 1344 is divided by 635?
74
What is the remainder when 130585 is divided by 26113?
20
Calculate the remainder when 1997 is divided by 74.
73
Calculate the remainder when 33828 is divided by 139.
51
What is the remainder when 21999 is divided by 3666?
3
What is the remainder when 10588 is divided by 11?
6
What is the remainder when 861369 is divided by 18?
15
What is the remainder when 143981 is divided by 34?
25
Calculate the remainder when 19814 is divided by 841.
471
What is the remainder when 63081 is divided by 222?
33
Calculate the remainder when 276833 is divided by 53.
14
Calculate the remainder when 3542519 is divided by 40.
39
What is the remainder when 12843 is divided by 3753?
1584
What is the remainder when 21941 is divided by 1567?
3
What is the remainder when 1065 is divided by 66?
9
Calculate the remainder when 14930 is divided by 145.
140
Calculate the remainder when 295647 is divided by 54.
51
What is the remainder when 787 is divided by 764?
23
What is the remainder when 908 is divided by 158?
118
Calculate the remainder when 11596 is divided by 648.
580
Calculate the remainder when 16867 is divided by 388.
183
Calculate the remainder when 1635 is divided by 45.
15
Calculate the remainder when 2340 is divided by 81.
72
What is the remainder when 15231 is divided by 3044?
11
Calculate the remainder when 576 is divided by 82.
2
Calculate the remainder when 138700 is divided by 2951.
3
Calculate the remainder when 176225 is divided by 88112.
1
What is the remainder when 206463 is divided by 68821?
0
What is the remainder when 19522 is divided by 6334?
520
Calculate the remainder when 573992 is divided by 16.
8
What is the remainder when 53926 is divided by 513?
61
Calculate the remainder when 36188 is divided by 385.
383
Calculate the remainder when 1073 is divided by 336.
65
What is the remainder when 134046 is divided by 50?
46
What is the remainder when 307 is divided by 220?
87
What is the remainder when 189198 is divided by 16?
14
What is the remainder when 43685 is divided by 66?
59
Calculate the remainder when 23109 is divided by 7666.
111
What is the remainder when 98929 is divided by 18?
1
What is the remainder when 17134 is divided by 56?
54
Calculate the remainder when 225448 is divided by 22543.
18
What is the remainder when 731976 is divided by 10?
6
Calculate the remainder when 35200 is divided by 45.
10
Calculate the remainder when 13168 is divided by 1003.
129
What is the remainder when 271117 is divided by 111?
55
What is the remainder when 213905 is divided by 154?
153
What is the remainder when 2802 is divided by 129?
93
What is the remainder when 18704 is divided by 329?
280
Calculate the remainder when 1027 is divided by 257.
256
What is the remainder when 721 is divided by 326?
69
Calculate the remainder when 620724 is divided by 14107.
16
What is the remainder when 4589 is divided by 202?
145
What is the remainder when 2675 is divided by 87?
65
Calculate the remainder when 2164 is divided by 704.
52
Calculate the remainder when 60370 is divided by 20.
10
What is the remainder when 714461 is divided by 74?
65
Calculate the remainder when 1399921 is divided by 9.
7
What is the remainder when 82221 is divided by 137?
21
What is the remainder when 652324 is divided by 5528?
20
Calculate the remainder when 454763 is divided by 109.
15
Calculate the remainder when 468 is divided by 311.
157
What is the remainder when 28158 is divided by 9356?
90
What is the remainder when 18088 is divided by 3000?
88
Calculate the remainder when 3445 is divided by 126.
43
Calculate the remainder when 23438 is divided by 72.
38
Calculate the remainder when 12659 is divided by 2119.
2064
Calculate the remainder when 566 is divided by 242.
82
What is the remainder when 23319 is divided by 23166?
153
Calculate the remainder when 5373 is divided by 1071.
18
Calculate the remainder when 157974 is divided by 127.
113
Calculate the remainder when 355 is divided by 19.
13
Calculate the remainder when 14659 is divided by 278.
203
What is the remainder when 38822 is divided by 184?
182
What is the remainder when 118289 is divided by 29?
27
What is the remainder when 14461 is divided by 2026?
279
Calculate the remainder when 4625 is divided by 1155.
5
What is the remainder when 2188 is divided by 6?
4
Calculate the remainder when 4330 is divided by 129.
73
Calculate the remainder when 1112323 is divided by 222463.
8
Calculate the remainder when 236334 is divided by 23632.
14
Calculate the remainder when 151279 is divided by 5.
4
What is the remainder when 3647 is divided by 39?
20
Calculate the remainder when 2458882 is divided by 19.
16
Calculate the remainder when 34084 is divided by 114.
112
Calculate the remainder when 12605 is divided by 166.
155
What is the remainder when 3171 is divided by 338?
129
What is the remainder when 22589 is divided by 18?
17
Calculate the remainder when 3689 is divided by 21.
14
Calculate the remainder when 5083 is divided by 37.
14
What is the remainder when 25440 is divided by 604?
72
What is the remainder when 27739 is divided by 104?
75
Calculate the remainder when 234883 is divided by 278.
251
What is the remainder when 215998 is divided by 54?
52
What is the remainder when 3614 is divided by 11?
6
What is the remainder when 74211 is divided by 31?
28
What is the remainder when 330329 is divided by 39?
38
Calculate the remainder when 30888 is divided by 7711.
44
What is the remainder when 2655 is divided by 715?
510
Calculate the remainder when 424253 is divided by 65.
63
What is the remainder when 178916 is divided by 14?
10
Calculate the remainder when 6587 is divided by 151.
94
What is the remainder when 104188 is divided by 80?
28
Calculate the remainder when 556688 is divided by 111336.
8
What is the remainder when 2595 is divided by 82?
53
What is the remainder when 5336 is divided by 80?
56
Calculate the remainder when 105051 is divided by 13.
11
Calculate the remainder when 9022 is divided by 9015.
7
Calculate the remainder when 150241 is divided by 50079.
4
What is the remainder when 8284 is divided by 276?
4
Calculate the remainder when 448 is divided by 95.
68
What is the remainder when 28582 is divided by 91?
8
What is the remainder when 5059 is divided by 5056?
3
Calculate the remainder when 5819581 is divided by 413.
411
What is the remainder when 863535 is divided by 202?
187
Calculate the remainder when 845 is divided by 107.
96
What is the remainder when 51354 is divided by 313?
22
What is the remainder when 626 is divided by 92?
74
What is the remainder when 8928 is divided by 103?
70
Calculate the remainder when 134838 is divided by 79.
64
Calculate the remainder when 34966 is divided by 2573.
1517
What is the remainder when 34235 is divided by 73?
71
Calculate the remainder when 362 is divided by 88.
10
What is the remainder when 197201 is divided by 2193?
2024
Calculate the remainder when 14234 is divided by 1093.
25
Calculate the remainder when 82410 is divided by 580.
50
Calculate the remainder when 409467 is divided by 23.
21
Calculate the remainder when 119041 is divided by 6613.
7
What is the remainder when 141423 is divided by 996?
987
What is the remainder when 1083 is divided by 292?
207
Calculate the remainder when 654 is divided by 270.
114
What is the remainder when 1127 is divided by 155?
42
Calculate the remainder when 326919 is divided by 163452.
15
What is the remainder when 93106 is divided by 3879?
10
Calculate the remainder when 3447 is divided by 23.
20
What is the remainder when 764599 is divided by 4?
3
Calculate the remainder when 332801 is divided by 1132.
1125
Calculate the remainder when 3448 is divided by 1004.
436
What is the remainder when 77680 is divided by 107?
105
Calculate the remainder when 3499 is divided by 40.
19
What is the remainder when 58044 is divided by 58041?
3
Calculate the remainder when 5438 is divided by 69.
56
What is the remainder when 41959 is divided by 181?
148
Calculate the remainder when 85469 is divided by 21309.
233
Calculate the remainder when 24225 is divided by 4036.
9
Calculate the remainder when 52333 is divided by 2389.
2164
What is the remainder when 7220 is divided by 7220?
0
Calculate the remainder when 17579